he highest common divisor of 28 and a?
14
Let i = -15824 - -18086. Calculate the highest common factor of 624 and i.
78
Suppose -i - 1262 - 2322 = -4*x, -2*i = 2*x - 1792. Let h = 10 - 4. Let l be h/(-4)*x/(-96). Calculate the greatest common factor of l and 126.
14
Suppose -5 = -4*c + 11, 2*l - 3*c = 8316. What is the greatest common divisor of 12 and l?
12
Suppose 3*n + 5*i - 927 = 0, 2*i - 82 - 863 = -3*n. Calculate the greatest common divisor of n and 506.
11
Suppose -2*z + 400 = 2*w - 84, 4*w = 5*z - 1237. Suppose -8*g + g + z = 0. Let y = 37 - g. Calculate the greatest common divisor of 3 and y.
1
Let i(x) = -x**3 + 33*x**2 + 10. Let o be i(33). Suppose 4*n + o*n = 504. Calculate the greatest common divisor of n and 90.
18
Let u be (-867)/(-12) - (-2)/(-8). Let a = 639 + -429. Let c = -174 + a. What is the highest common factor of c and u?
36
Suppose 4*q + 5*s = 55 + 59, -2*s = -4. Let l(v) = 51*v - 10. Let o be l(3). What is the greatest common divisor of o and q?
13
Let t(h) = -14*h**3 + 25*h**2 + 97*h + 9. Let y be t(-13). Calculate the highest common factor of 89 and y.
89
Let x be 534/10 + (-45)/(-75). Suppose -61*m + 112 = -x*m. What is the greatest common divisor of m and 56?
8
Suppose -32*p + 12164 = 24*p - 23452. Calculate the highest common factor of 56 and p.
4
Suppose -104*s = -180079 - 46225. Calculate the highest common factor of 17 and s.
17
Let o be (-6)/((6/22)/(90/(-60))). What is the highest common divisor of 45 and o?
3
Let w(d) = 6*d**2 - 58*d + 986. Let o be w(13). Calculate the greatest common factor of 356 and o.
178
Let q = 9517 + -9475. Calculate the highest common factor of q and 1902.
6
Let z = 14123 - 13463. Calculate the greatest common factor of 135 and z.
15
Suppose 0 = 2*m - 3*m + 22. Let p(n) = 16*n + 13. Let y be p(-5). Let h = -65 - y. Calculate the highest common divisor of m and h.
2
Suppose 8*b + 3*b = 55. Suppose -4*c + 5*n - 214 = -743, -615 = -b*c - 3*n. What is the greatest common divisor of 63 and c?
63
Let s = 8 - -7. Suppose -3*h - 62 = -2*c, -17*h = 2*c - 16*h - 46. What is the highest common divisor of s and c?
5
Let m = 21506 - 3831. Calculate the greatest common factor of m and 175.
175
Suppose 0 = -3*d - 4*i + 639, -29*d + 24*d + 1097 = -4*i. What is the highest common divisor of 154 and d?
7
Let y = -26 + 48. Let b = 395 + -369. Suppose -55 = -b*r + 25*r. Calculate the highest common divisor of r and y.
11
Let c = -124 - -224. Suppose -17*v - 2 = c. Let n be ((-80)/v)/(-4)*(-6)/4. Calculate the highest common factor of n and 5.
5
Let x = -5485 + 5529. Calculate the highest common factor of x and 57.
1
Let h(j) = -5*j + 20. Let r be h(-12). Let p = r + -50. Suppose 0 = -5*i - 0*y - 5*y + 10, 0 = 5*i - 2*y - 31. What is the highest common divisor of i and p?
5
Let s = 4449 - 4341. Calculate the greatest common divisor of s and 36.
36
Let c be (9044/57)/(5*2/210). Calculate the greatest common divisor of 136 and c.
68
Suppose 0 = -2*x + 2*h - 72, 3*h + 156 = -5*x + 2*h. Let c = x - -28. Let z be 2/c + ((-984)/(-16) - 1). What is the greatest common divisor of z and 40?
20
Suppose 5*t - o + 14 - 3 = 0, -6 = 2*t - 2*o. Let q be (9/t - -3)*-2. Suppose -2*l = q*w - 5*w, -2 = -2*w. What is the highest common divisor of l and 2?
1
Suppose 8*l - 21*l = -39. Suppose 0 = -19*f + 15*f - 12, -l*d = 4*f + 9. Suppose 5*t - 20 = -0. Calculate the highest common factor of d and t.
1
Suppose 5*l - 276 = -4*r, -2*l + 283 = 3*l - 3*r. Let u = -22 + 71. Let t = -21 + u. What is the highest common divisor of l and t?
28
Let i(w) = -300*w - 1587. Let g be i(-7). Suppose 2*x - 116 = 112. What is the highest common divisor of g and x?
57
Let n be 267 + 0 + -1 + 0/2. Let g be n/8*1 + (-1)/4. Calculate the highest common divisor of 77 and g.
11
Let q = 28 + -35. Let w be (-7)/(q/4) + -14. Let o(z) = -z**3 - 9*z**2 + 7*z - 14. Let t be o(w). What is the highest common factor of 16 and t?
16
Suppose 120*r + 78*r = 50*r + 1402596. Calculate the greatest common divisor of r and 78.
39
Let r = -42 - -10. Let d = r - -50. Suppose 3*i = 363 - d. What is the highest common factor of i and 23?
23
Suppose 0 = 5*g - 5*a - 165, g = 4*a + 58 - 34. What is the greatest common factor of g and 25074?
18
Suppose -16*z - 9679 = -9823. Let h be 1/((-3)/((-18)/3)). Suppose -5*y = -4*l + 124, -h*l - 3*l + 172 = -2*y. Calculate the greatest common factor of l and z.
9
Suppose -4*r + 662 = 86. Suppose 5*t = -2*u + 943, u - t - 529 + 68 = 0. Let p = -446 + u. What is the highest common divisor of r and p?
18
Suppose -p + 10 = 8. Suppose -p*j + 24 = j. Suppose 12 = -6*x + j*x. Calculate the greatest common factor of x and 12.
6
Let x be -3 - (2 + -2) - -5. Let u be ((-3)/((-6)/x))/1. Let t be (-2)/u*-1*25. Calculate the greatest common factor of t and 125.
25
Let w(o) = 2895*o + 92. Let y be w(3). Calculate the greatest common divisor of 67 and y.
67
Suppose -11*y - 36 = -13*y + 28. Let h(n) = -217*n - 2. Let r be h(-2). Calculate the greatest common divisor of y and r.
16
Let o be (1440/63)/(-8)*-14. Suppose 8*z = 4*z - 60. Let w = 25 + z. Calculate the greatest common divisor of o and w.
10
Let s(l) = -393*l**3 + 3*l**2 - 22*l - 48. Let b be s(-2). Calculate the greatest common factor of b and 591.
197
Let j be (-10388)/(-42) + ((-40)/(-15) - 2/1). What is the highest common factor of 24 and j?
8
Let r = -1849 - -2218. What is the highest common factor of r and 180?
9
Let n(d) = -722*d - 76. Let u be n(-1). Calculate the greatest common divisor of u and 38.
38
Let m(p) = 4*p**2 + 100*p + 639. Let x be m(33). Calculate the greatest common divisor of x and 105.
105
Let x be 46/1*(-5 - 9/(-6)). Let v = 174 + x. What is the highest common factor of 533 and v?
13
Suppose -3*s = -3*p + 408, 5*p + 117*s - 121*s - 680 = 0. Calculate the greatest common divisor of 816 and p.
136
Let k be ((1848/35)/(-8))/(((-48)/100)/4). What is the highest common divisor of 3091 and k?
11
Suppose -1361712 + 238804 = -41*k. What is the highest common factor of 328 and k?
164
Suppose 51*l - 3369 - 77568 = 0. Calculate the highest common factor of l and 69.
69
Let t be -4*(13738/(-4) - 145/(-58)). Calculate the greatest common divisor of 80 and t.
16
Suppose -2*g = -2*u + 5*u - 9, -5*g = -2*u - 32. Suppose -r - 204 = -4*l, 4*l - g*r = -r + 188. Calculate the highest common factor of 130 and l.
26
Let m be 158 + -1 - (-39)/3. What is the greatest common factor of 3825 and m?
85
Let n(x) = -12*x - 126 - x**2 + 2*x**2 + 150. Let t be n(10). Suppose t + 56 = 10*z. Calculate the greatest common divisor of 150 and z.
6
Let k = -9176 - -9238. Calculate the greatest common factor of k and 1984.
62
Suppose 5*i = 358 - 213. What is the greatest common factor of i and 1711?
29
Let f = 18230 - 4044. What is the greatest common divisor of 164 and f?
82
Let b be 46*(-11)/(-1)*(5/2 - 1). Calculate the greatest common divisor of b and 55.
11
Let b = 266 + -377. Let l = b - -69. Let j = -32 - l. What is the highest common divisor of j and 110?
10
Suppose -l = -2*a + 50099, -70*a + 72*a - 50087 = -3*l. Calculate the highest common divisor of a and 101.
101
Let c be 60 + 0/((-4)/(-1)). Let u = c - 50. Suppose -3*h + 64 = u. What is the highest common divisor of 2 and h?
2
Suppose 16*d - 65457 + 64849 = 0. Let c = -3 + 21. What is the highest common factor of d and c?
2
Let o be (-13)/91*-2653 - -8. Calculate the greatest common factor of o and 559.
43
Let f be 4/(-14) + (-4121)/(-91). Let a be -33 + 45 - (1 + (0 - 1)). Let m be (-4)/(16/(-30))*a/10. What is the greatest common divisor of f and m?
9
Let z = 620 - 245. Let t be (-40)/140 + 1688/28. Calculate the greatest common factor of t and z.
15
Let p(m) = 4*m**3 - m**2 + m + 1. Let c be p(1). Suppose 61 = -c*v + 166. Let y be -4 + 3 + 105 - -1. Calculate the highest common divisor of y and v.
21
Let v(j) = -25*j - 99. Let y be v(-8). Suppose b = -4*g + 2*g + y, b = -3*g + 152. Calculate the greatest common divisor of 374 and g.
17
Suppose 10*w - 1475 = 5*w - 5*j, 3*w + 4*j = 890. Suppose w = 5*q + 2*n, -3*q + 6*n = 2*n - 200. Calculate the greatest common factor of q and 330.
30
Suppose 6*b = -5*b + 3*b. Suppose b = -7*w + 468 + 540. Suppose -5*a = 3*l - 39, 0*a + 42 = 2*l - 2*a. Calculate the greatest common factor of l and